igit of z?
2
Suppose 3*q = 4*r + 49, -2*q = 3*r + 1 - 11. Let b = 22 + q. What is the units digit of b?
3
Suppose m = -4*m + 4*f + 19, f = -3*m + 8. Let p = m - 1. Suppose p*l = l + 11. What is the units digit of l?
1
Suppose -3*g + 4954 = -236. What is the units digit of g?
0
Let x = -5 - -5. Let a(v) be the first derivative of v**4/4 - v**3/3 - v**2/2 + 5*v + 1. What is the units digit of a(x)?
5
Let s(g) = g**3 + 9*g**2 - g - 13. Let n be s(-9). Let j = n + 8. What is the units digit of j?
4
Let l(i) = 11*i - 134. Let r be l(12). Let a(y) = 1 + 4 - 2 - y**3 - 2*y**2. What is the units digit of a(r)?
3
Let c(o) = 18*o**2 - 26*o + 10. What is the hundreds digit of c(8)?
9
Let z(g) = g**2 + 11*g + 2. Let v be z(-11). Suppose 0 = -3*m + 3*j + 102, v*m - j = 3*m - 34. Let l = 57 - m. What is the units digit of l?
3
Let n(b) = 793*b - 11. What is the units digit of n(1)?
2
Let j be -1 - 9/(2 - -1). Let d be (-1)/j + 92/16. What is the tens digit of (d - 4)/((-2)/(-28))?
2
Let v(s) = s**3 + s**2 - 1. Let m(b) = -9*b**2 + 4*b + 6. Let y(f) = m(f) + 4*v(f). What is the tens digit of y(2)?
2
Suppose -4*l - 5*b - 117 = 0, 5*l + 2*b - 4*b = -138. What is the tens digit of (-1)/2*l*(-114)/(-12)?
3
Let v(q) = q**3 + 3*q**2 + 4*q - 42. Let y be v(0). Let l(w) = 14*w - 7. Let n be l(7). Let x = n + y. What is the tens digit of x?
4
Let h = 125 + -119. What is the units digit of h?
6
Let a(t) = 458*t**2 - 3*t - 2. What is the units digit of a(-1)?
9
Let a(k) = -k**3 - 12*k**2 - 6*k + 9. Let u be a(-8). Let p = 399 + u. What is the hundreds digit of p?
2
Suppose -4*s = -417 - 423. What is the tens digit of s?
1
Let j(t) = -t**3 + 10*t**2 + 9*t + 10. Let x(k) = 2*k**2 - k - 5. Let z be x(3). What is the tens digit of j(z)?
0
Suppose -45 = -3*w + 105. What is the tens digit of w?
5
Suppose 10*j - 1866 = 4*j. Let y = j - 197. What is the tens digit of y?
1
Suppose -5*f - 79 + 9 = -d, -f - 238 = -3*d. Let i = d - 28. What is the tens digit of i?
5
Let h be ((-366)/(-4))/(12/(-16)). What is the units digit of h/(-2) + 4 - -1?
6
Let k(g) = 6*g - 5. Let r(y) = y - 1. Let i(u) = -k(u) + 2*r(u). Let t(s) = s**3 - 12*s**2 - 5. Let l be t(12). What is the units digit of i(l)?
3
Suppose -21*a + 19*a = -10. Suppose 2*c - d = a, c + d = -2*c. What is the units digit of c?
1
Let f = 21 + -23. Let c be (-8)/f*18/(-72). What is the tens digit of (9/6 + c)*36?
1
Suppose 0*s - 832 = 8*s. Let j = 166 + s. What is the units digit of j?
2
Let g(c) = 5*c + 49. Let n be g(-8). Let v be ((-1)/(-1))/(3/12). Suppose -3*t = k - n - 15, -2*t + 16 = v*k. What is the units digit of t?
8
Let m be (4 - (-18)/(-15))/(4/10). Let u(l) = 13*l**2 + 2*l + 1. Let q be u(-1). Let a = m + q. What is the units digit of a?
9
Let c(q) = -q**2 - 3*q - 6. Let s(i) = i**2 + 4*i + 6. Let l(v) = 2*c(v) + 3*s(v). Suppose 5*r + k + 44 = 0, 9*k - 5 = r + 13*k. What is the tens digit of l(r)?
3
Let o(y) = 59*y**2 - 19*y - 26. What is the thousands digit of o(7)?
2
Suppose 11*s = 15*s - 88. What is the units digit of -9*1/(-2)*s?
9
Let u be (-1)/(-1) - (-2 - -1). Let l be ((-10)/(-3))/(1/3). Suppose -2*g - u*a = -16, -5*a + l = g + g. What is the units digit of g?
0
Let l = -20 + 21. Suppose 3*i - 10 = 5*x, -3*i = -4*x - 10 - l. What is the units digit of (10/20)/(x/16)?
8
Let r(h) = -63*h - 4. Let m be r(-1). Let q = m - 39. What is the units digit of q?
0
Let c(r) = -4*r - 1. Let j be c(-1). Suppose 2*g - 12 = -3*i, j*i = 3*g - g - 24. What is the units digit of g?
9
Let l be 150/(-35) - (-4)/14. Let p be l/(0 - -4) - -3. Suppose 2*b + p*z - 64 = 0, -4*z = 5*b - 202 + 46. What is the units digit of b?
8
Let a(m) = 201*m - 74. What is the tens digit of a(6)?
3
Let q(r) be the third derivative of -r**6/120 - 4*r**5/15 - r**4/24 + 2*r**3 + 13*r**2. What is the units digit of q(-16)?
8
Suppose -5*q + 1022 = 5*p - 1498, -4*q + 2028 = p. What is the tens digit of q?
0
Suppose 0*w - 3*w + 3 = 0, 0 = -2*b + 5*w - 199. Let n be 3 - 3*280/12. Let o = n - b. What is the units digit of o?
0
Suppose 4*s - 2*n - 31886 = 0, 4*s - 4*n - 8696 = 23196. Let u = s + -662. What is the tens digit of u/156 + 2/13?
4
Suppose -2*o - 8 = -3*i + 5*i, 4*i + 22 = 2*o. Let x(m) = m**3 + 7*m**2 + 6*m - 6. What is the units digit of x(i)?
4
What is the units digit of 61*(0 + 2)*2?
4
Let k(n) be the first derivative of 3*n**2/2 - 5*n - 1. Suppose -17*u + 64 = -9*u. What is the units digit of k(u)?
9
Let o(v) = v - 14. Let t be o(17). Suppose -3*i - 4*y + 134 = -5*y, -2*i + t*y = -80. What is the units digit of i?
6
Let j(d) = 66*d**2 - d - 59. What is the tens digit of j(-4)?
0
Let v = 13 - 21. Let x be v + 0/2 + 0. Let g(f) = -f + 9. What is the units digit of g(x)?
7
Let f(n) = 606*n - 86. What is the hundreds digit of f(3)?
7
Let s = 924 - 431. What is the hundreds digit of s?
4
Let j = 143 - 92. What is the tens digit of j?
5
Let x(s) be the third derivative of 1/10*s**5 + 0 + 6*s**2 + 1/6*s**3 + 0*s - 1/24*s**4. What is the units digit of x(2)?
3
Suppose -u = u + 2*p - 1188, 5*p - 10 = 0. What is the units digit of u?
2
Let i be 3/18*-4*3. What is the units digit of (138/(-4) + -1)/(i/4)?
1
Let p = 4426 - 1992. What is the hundreds digit of 4/(-18) - p*2/(-36)?
1
Suppose 2*w + w - s - 1 = 0, -w = s + 1. Suppose -t + 2*t - 5 = 0. Suppose t*v - 15 = -w. What is the units digit of v?
3
Suppose -5*o + 8*j - 4*j + 2177 = 0, 0 = -4*o + 2*j + 1738. What is the hundreds digit of o?
4
Suppose 0*c + 12*c - 48 = 0. Suppose 1408 = -c*i + 15*i. What is the units digit of i?
8
Let v(g) = -23*g**2 - 15*g + 1. Let m(y) = 11*y**2 + 7*y. Let h(k) = 9*m(k) + 4*v(k). Let a be h(-3). Suppose -4*i = 10 - a. What is the tens digit of i?
1
Let x be ((-8)/6)/(16/(-48)). Suppose -x*o + c = 6*c - 73, -2*o + 35 = 3*c. Suppose -55 + 149 = 5*k + z, 3*z = k - o. What is the units digit of k?
9
Suppose -f + 56 = 3*f. Let u = f + -11. Suppose -m = -u*m + 30. What is the tens digit of m?
1
Suppose 3*f + 2599 = 5*r, 0*f - f = -4*r + 2075. What is the hundreds digit of r?
5
Suppose 0*m + 2*m - 1322 = -4*h, -h = -2*m - 323. Suppose 3*w - 130 = h. Let r = -89 + w. What is the tens digit of r?
6
Suppose -x + 22*t + 506 = 19*t, 0 = -x + 2*t + 507. What is the tens digit of x?
0
What is the units digit of 2648/(8/2) - (7 + -5)?
0
Let r = -14 + 10. Let q(j) = 2*j**3 + 5*j**2 - 15*j - 20. Let w(p) = -3*p**3 - 7*p**2 + 22*p + 30. Let v(c) = 7*q(c) + 5*w(c). What is the units digit of v(r)?
4
Let d(t) = -233*t + 22. What is the hundreds digit of d(-3)?
7
Suppose -3*t + 3*y - 127 = -2*y, 0 = t - 2*y + 41. Let n = t - -87. What is the units digit of n?
8
Let o(d) = -d**2 + 1. Let k(y) = 2*y**2 + y + 1. Let q(n) = k(n) + o(n). Let f be (-2)/(-11) - (-378)/99. What is the units digit of q(f)?
2
Let d = -3196 + 6223. What is the hundreds digit of d?
0
What is the tens digit of 1352/(6/(-4)*(-84)/63)?
7
Let n be 3/12 - (60/(-16))/5. What is the tens digit of 134 + -3 + -2 + n?
3
Let n(j) = 2*j - 8. Let x(p) = -p**2 + 6*p + 5. Let a be x(6). Let y be n(a). Suppose y*g = -2*h + 28, 0 = 5*g - 5*h + 10 - 110. What is the units digit of g?
7
Let n(w) = w - 1. Let o be n(3). Suppose 0 = -3*g, -h - g - o = -4. What is the tens digit of (2/(-4))/(h/(-48))?
1
Let s be 84/(-18)*6/(-4). Let h(l) = 3*l - 10. Let a be h(s). Let d = 2 + a. What is the tens digit of d?
1
Let g(b) = 5*b**2 - 23*b - 17. Suppose 2*p + 11 = u, -p + 3*u = -u + 9. What is the units digit of g(p)?
3
Suppose -2*w + 3987 = 5*z - 425, -2*z = -5*w + 11088. What is the hundreds digit of w?
2
Suppose -2737 = 18*l - 25*l. What is the units digit of l?
1
Let r(w) = w**2 - 13*w + 33. Let a be r(11). Suppose -23*f = -a*f - 396. What is the tens digit of f?
3
Suppose 16 - 6 = 5*b. Suppose 0 = -b*c + 3*i + 295, -3*c + 8*c = 2*i + 710. Suppose -3*z = z - c. What is the units digit of z?
5
Let w(f) = -8*f + 3. Let y(n) = -55*n + 20. Let i(s) = -15*w(s) + 2*y(s). Let q be i(3). Suppose 91 = 4*p - q. What is the units digit of p?
9
Let f = 4546 - 2476. What is the units digit of f?
0
Let m = -938 + 1714. What is the hundreds digit of m?
7
Let s(z) = z**3 - 2*z**2 + 3*z - 6. Let w(o) = -o**2 - 9*o - 4. Let x be w(-8). What is the units digit of s(x)?
8
Let b(f) = -f**2 - 18*f - 45. Let k be b(-15). Suppose k = 4*a + 65 - 309. What is the